= 20. Let c(z) = -z**2 + 5*z + 19. Determine c(k).
-5
Let i = 141 - 137. Suppose i*c + 11 = 3*g, 2*c + 0 = -4. Let v(s) = -11*s**3 + s**2. What is v(g)?
-10
Let d(t) be the third derivative of t**6/120 + t**5/5 + 11*t**4/24 + 5*t**3/6 - 22*t**2. Suppose 8*s = 10*s + 22. Determine d(s).
5
Let n(y) be the first derivative of 3*y**2 - 25*y + 153. Determine n(5).
5
Let i(l) = -3*l + l**3 + 3*l + 34926*l**2 - 34922*l**2. Give i(-4).
0
Let j = -22 - -26. Let c be j/(-1) + (16 - 10). Let f(p) = 15 + 6*p - 34 + 18 + p**c. What is f(-4)?
-9
Suppose 15*d - 16*d + 4 = -p, 0 = -2*p - 5*d + 27. Let t(m) be the second derivative of -m**5/10 + m**4/6 - m**2/2 - 5*m. What is t(p)?
-1
Suppose 41*g - 22 = 39*g. Let t(y) = -1 + 23*y - g*y + 0 - 10*y. Determine t(-2).
-5
Let v(h) = h**3 - 2. Suppose 3 = -3*f - 2*y + 19, 4*y = 4*f - 28. Suppose f*m - 7*m + 2*m = 0. Calculate v(m).
-2
Let i(g) = g**2 + 3*g - 23. Let f be i(-7). Let h(n) = n**2 - 5*n + 4. Give h(f).
4
Let d(t) = -8*t**3 + 1 + 4 + 4*t**2 + 0 + 7*t**3. Let k(a) = a**3 - a**2 - 1. Let w(s) = -d(s) - 5*k(s). Calculate w(-1).
5
Let d(z) = -z + 29. Let i be d(15). Let j(b) = -b**3 + 13*b**2 + 12*b + 24. Give j(i).
-4
Let i(m) = -7*m + 1. Let y be -5 - 7/(21/(-12)). Give i(y).
8
Suppose -3*g - 4 = -16. Let s be -7*(-1 + -1 + 48/28). Let w = g - s. Let u(o) = -o. Determine u(w).
-2
Suppose -3*t + 15 = 5*s - t, t = -s. Let w be (-2)/(-4)*-2*-6. Let u(y) = w - 2*y - y + 1. Calculate u(s).
-8
Let w(c) = -19 + 4*c - 3 - c + 9 - 7*c. Determine w(0).
-13
Let y(k) be the first derivative of k**4/4 + 2*k**3 - 5*k**2/2 + 9*k - 73. Calculate y(-7).
-5
Let m(w) = -2*w - 9. Let x(d) = -d + 3. Let t(l) = m(l) + 3*x(l). Determine t(4).
-20
Let k be (2 - 6)*2/4. Let m be 1/(-5)*0 - -5. Let x = k + m. Let b(i) = 3*i - 3. Determine b(x).
6
Let b(j) = 31*j**2 + 2*j - 7. Let c(n) = -15*n**2 - n + 4. Suppose 2*g - g - 3 = 0. Let x(u) = g*b(u) + 5*c(u). Calculate x(1).
18
Let x(j) = j + 21. Let a be x(-18). Let p(h) = 7 - 8 + 0 + 2*h + h**a + 4*h**2. What is p(-2)?
3
Let g(k) be the first derivative of -k**3/3 + k**2/2 + 15*k - 514. Give g(5).
-5
Let r(j) = -j - 2. Let x be (60/(-5) - -4)/(-2). Suppose -6*i = 16 - x. Let h = i + -3. Give r(h).
3
Let a be -4 - (-1 - (-1 - -1)). Let s(u) be the first derivative of -3*u**2/2 - 6*u - 8. Let r be s(a). Let i(j) = j + 1. Give i(r).
4
Suppose -12 = -3*m + 2*m. Let s(q) = 24*q**2 - 2 + 1 - 11*q + m*q. Give s(1).
24
Let g(a) = -a**2 + 10*a + 12. Let d = -63 - 76. Let k = -128 - d. Calculate g(k).
1
Suppose -2*a + 16 = m - 6*m, -4*m + 2*a = 12. Let s(w) = -w**3 - 2*w**2 + 4*w - 4. Calculate s(m).
12
Suppose 2*c + 3*x - 20 - 16 = 0, -x + 62 = 4*c. Suppose g - 6*g - c = 0. Let r(t) = -t**3 - 4*t**2 - 2*t. Give r(g).
-3
Let b be 54/(-27) - 3/(-1). Let w(k) = -k - 3. Let s be w(-4). Let f(x) = -7*x**2 + x + 2. Let j(z) = -z**2 + z + 1. Let y(p) = s*f(p) - 2*j(p). What is y(b)?
-6
Let n(j) = -j + 6. Suppose 0 = 8*f - 115 + 35. Suppose -t - f = 2*k, -7*k - 20 = -t - 3*k. Give n(t).
6
Let q be (4/(-1)*-2)/((-45)/(-45)). Let i(o) = -o**3 + 9*o**2 - 7*o - 9. Determine i(q).
-1
Let c(x) = -15*x - 1. Let j be -3 - 9/18*0. What is c(j)?
44
Let a(c) = 13*c - 355. Let o be a(28). Let u(r) = -r**3 + 9*r**2 + 3*r + 8. Calculate u(o).
35
Let f(h) = h + 6. Let j be f(-6). Let g be (3 - (3 - 2))*1. Let s(n) = -9 + 14 - 3*n**g + n + 4*n**2. Give s(j).
5
Let f(l) = -l**2 + 8*l - 7. Let b be f(6). Suppose -2*o = b*d + 9, 2*o - 2*d = 6*o - 6. Let j(i) = -2 - i + 2*i - i**3 + 3*i**2 - 2*i + 2*i. Determine j(o).
1
Let y(h) be the first derivative of -h**3/3 - 3*h**2/2 - 3*h + 1. Let q be 92/(-24) - (25/(-30) + 1). Determine y(q).
-7
Let n(a) = -a**2 - 6*a - 4. Let g = -22 - -26. Let d(j) = -j**2 + 35 + 0*j - 42 - g*j. Let i be d(-3). Calculate n(i).
4
Suppose -3*m + 5*m = 4. Let w(x) = -x + 4. Let h be w(m). Let d(t) = 19*t**2 - h*t + t + 2 - 18*t**2. Give d(-2).
8
Suppose -3 = o - 0*o - w, -5*w - 15 = o. Let v(n) = 9 - 22 + 7 + n**2 + 6*n + 2 + 9. What is v(o)?
0
Let z(q) be the third derivative of q**4/8 - q**3/3 - 497*q**2. Let m(k) = -k**2 + 7*k - 7. Let w be m(6). Give z(w).
-5
Let v(r) = -18 - 22 - 3*r - 25 - 22 + 78. Give v(-5).
6
Let s(x) = x**3 - 9*x**2 + 6. Suppose 0 = 3*c + 4*d + 2, -3*c + 28 = -5*d + 3*d. Suppose 0 = -22*r + 26*r. Suppose t - c*t + 45 = r. Calculate s(t).
6
Let t(s) = 3*s**2 + 4*s + 1. Let l = 4 + -2. Let f(n) be the third derivative of n**5/60 + 5*n**2 + 2. Let j(x) = l*f(x) - t(x). Determine j(-5).
-6
Let g(k) be the third derivative of k**6/120 + k**5/30 + k**3/2 - 8*k**2 - 19. Give g(-3).
-6
Suppose 2216*a = 2226*a - 30. Let h(m) be the third derivative of 0*m - 1/12*m**4 + 1/6*m**3 + 1/10*m**5 - a*m**2 + 0. Give h(1).
5
Suppose 0 = -3*b + 3*h + 18, -b - 5*h + h = 4. Let c(k) = 3 + k**3 - 4*k + 0 - 1 + b*k**2. Suppose -4*n = t + 15, -5*n - 16 - 14 = -t. Calculate c(n).
-3
Let g(z) = -z**2 - 3*z. Let w be g(-3). Suppose -6*x = -w*x + 6. Let n(s) = -6*s**3. Determine n(x).
6
Let t(o) be the second derivative of 3*o**4/4 - o. Suppose 3*r + y - 11 = -y, y = 2*r + 2. Suppose 3*l - 1 = 5*k + r, 5*l + 7 = -2*k. What is t(l)?
9
Suppose -346*g + 342*g = 36. Let u(i) be the third derivative of i**5/60 + 3*i**4/8 - 5*i**3/6 - 2*i**2. Calculate u(g).
-5
Let y be (3 - 3)*(1 - (-1)/(-2)). Let i(z) = 3*z**2 - z - 9. What is i(y)?
-9
Let i(m) = -3*m**2 + 7*m - 1. Let k(n) = -4*n**2 + 8*n. Let f(r) = -3*i(r) + 2*k(r). Suppose 0 = -a - 11 + 5. Let u be -2 - a - (-2 + 1). Give f(u).
3
Let v(p) = -p**3 + p**2 + 5*p - 3. Let s(y) = -64*y + 259. Let r be s(4). What is v(r)?
-6
Let x(c) = -c - 4. Let a(i) = -2*i + 9. Let p be 3/24 + (-338)/16. Let b be (-2)/6*p + -1. Let t be a(b). Calculate x(t).
-1
Let y(c) = -4*c**3 - 10*c**2 + 58*c - 20. Let p(n) = -7*n**3 - 21*n**2 + 106*n - 41. Let x(t) = 3*p(t) - 5*y(t). Calculate x(-15).
7
Let v(m) be the third derivative of 0 - 1/2*m**3 + 0*m - 1/24*m**4 + 3*m**2. Let r = -43 - -49. What is v(r)?
-9
Let o(x) = 2*x + 9. Let m be o(-13). Let r(t) = 15*t + 8. Let l(n) = -5*n - 3. Let i(k) = m*l(k) - 6*r(k). What is i(3)?
-12
Let x(l) = l**3 + l**2 - 2*l + 1. Let u(v) = v**2 - 2. Let g(r) = -4*u(r) - x(r). Calculate g(-5).
-3
Let a = 294 + -297. Let f(o) = 10*o. Give f(a).
-30
Let g(u) = 20*u - 45. Let v(i) = -7*i + 15. Let s(x) = -6*g(x) - 17*v(x). Let p = 1892 + -1883. What is s(p)?
6
Let n(d) = -5*d - 1. Let o be n(-1). Let b(k) be the second derivative of 1/3*k**4 - 1/20*k**5 + 13*k + 0 - 1/6*k**3 + 0*k**2. Calculate b(o).
-4
Let a(b) = b**3 - 5*b**2 + 4. Let p(o) = 50*o**2 + 3*o + 3. Let x be p(-1). Suppose 15*n - 10 = x. Determine a(n).
-12
Suppose -10 = v + v. Let x = -155 + 150. Let p = v - x. Let h(m) = -m - 7. Give h(p).
-7
Let o(b) = -b**2 + 3*b + 31. Let y be o(7). Let w(q) = -4*q. Determine w(y).
-12
Let v(x) = 25*x - 13. Let u(y) = -y - 7. Let c(b) = -2*u(b) + v(b). Calculate c(-1).
-26
Let b be (-121)/44*(-54 - 2). Let h(u) = -b + 302 - 155 + 2*u. Calculate h(-6).
-19
Let b(a) be the third derivative of a**4/24 + a**3/6 - 5*a**2. Let p(q) = -2. Let z(v) = 3*b(v) + p(v). Let g be (-4)/3 - 4/6. Give z(g).
-5
Let s(t) = 2*t**2 + 2*t + 2. Let g(o) be the second derivative of o**5/20 - o**4/12 - o**3/3 - o**2 + 21*o. Let c be g(0). Give s(c).
6
Let m be (1064/(-24))/(-7) + (-1)/3. Let j(x) = -x**3 + 7*x**2 - 5*x + 9. What is j(m)?
15
Let z(m) = -m - 1. Let u = 38 - 40. Let s(c) = 6*c + 11. Let q(i) = u*s(i) - 14*z(i). Determine q(6).
4
Let x = 41 + -34. Let w(a) = a**2 - 9*a - 2. Give w(x).
-16
Let t(x) be the third derivative of -1/360*x**6 + 1/24*x**5 + 0 + 0*x**3 + 5/24*x**4 - x**2 + 0*x. Let h(g) be the second derivative of t(g). Give h(4).
-3
Let o = 132 - 124. Suppose -6*v = -o + 26. Let m(t) = -t**3 - t**2 + 3*t - 1. What is m(v)?
8
Let h be (-1 - 1)*(-1)/2. Let t(w) be the first derivative of w**2/2 - 30. Let q(u) = -u + 6. Let f(m) = h*q(m) + 2*t(m). What is f(0)?
6
Let p = 20 + -17. Suppose 3*h = 6*h - 9. Let v(m) = -5*m - m + m + h. Determine v(p).
-12
Let d be (-6 - (-490)/(-56)) + 2/(-8). Let w(p) = p**2 + 15*p + 3. Give w(d).
3
Let y(k) = k - 1. Let w(h) = h**2 + 7*h - 19. Let s be 0 - 3 - (-2 - 3). Suppose s*z - 6 = z. Let m(a) = z*y(a) - w(a). Give m(0).
13
Suppose 2*y - 4 = -v, 3*v = -3*y + 4*v + 6. Let w(j) = j**2 + 5*j - 5. What i